e second derivative of -b**3/6 - 5*b**2/2 + 6647*b. Let z be (-66)/9 - (-2)/(-3). Give i(z).
3
Let n(t) = -t + 7. Let s be (-148410)/(-2430) - 2/27. Suppose 36*x = s + 83. Determine n(x).
3
Let a(u) be the third derivative of -u**6/120 + 7*u**5/60 - 3*u**4/8 + u**3/2 + u**2 - 29*u. Let n = -22 - -22. Suppose -11*d + 9*d + 12 = n. Calculate a(d).
-15
Suppose -10 = 10*f - 5*f. Let l(d) = -d - 1. Let t(n) = -11*n - 1. Suppose -8 = 31*k - 27*k. Let w(g) = k*l(g) + t(g). Give w(f).
19
Let k = -12058 - -12050. Let j(x) = x**3 + 10*x**2 + 16*x - 25. Determine j(k).
-25
Let p(g) = 6*g - 120. Let k be p(20). Let c(y) = 91*y + 0 - 2*y**3 + y**3 + 2 - 6*y**2 - 97*y + k*y**2. Determine c(-5).
7
Let a(h) be the second derivative of -h**5/20 - 3*h**4/4 + 3*h**3 - 13*h**2/2 - 2591*h. What is a(-11)?
31
Let j(w) = 20*w**3 - 116*w**2 + 209*w - 162. Let x(m) = 7*m**3 - 39*m**2 + 70*m - 54. Let s(h) = 6*j(h) - 17*x(h). Calculate s(31).
8
Let p be 363/(-110)*(-20)/6. Let j(a) be the first derivative of a + 1/2*a**2 + p - 1/3*a**3. What is j(-3)?
-11
Let w(d) = 2 + 27*d - d**2 + 23*d - 57*d. Suppose -2*h + 7 = -7. Let m = h - 12. What is w(m)?
12
Let o = 51 + -48. Suppose -13 = 4*n - o*c, -5*c - 28 = 4*n + 25. Let g(h) = 3 + h + 3 + 3. Give g(n).
2
Let l(s) = s**2 - 5*s + 4. Suppose 91 = 5*r - r - 3*i, 86 = 4*r + 2*i. Let y be r/(-4) + 2/(-4) + -1. Let h be 0 + (y + 8)/((-2)/(-10)). Determine l(h).
4
Let v(u) be the first derivative of 2*u**3/3 + u**2/2 + 3*u - 4276. Give v(-3).
18
Let u be (2740/(-411))/((-4)/18). Let j(l) be the third derivative of 13/6*l**3 - u*l**2 + 0 + 0*l + 1/24*l**4. Give j(-10).
3
Let o(a) = -6*a + 8. Let c be (1 - -2)*(3 - (-14)/(-6)). Let r be (-5)/c*((-56)/(-20) + -4). Calculate o(r).
-10
Let u(p) = -4*p + 1. Let c = -653 + 655. Suppose -12 = 5*q - q + c*l, -2*q + 3*l = -2. Give u(q).
9
Let p(h) = -5*h**2 - 4. Let y(v) = -2. Let z(r) = 3*p(r) - 6*y(r). Let t be (3/3)/((-2)/(-2)). Calculate z(t).
-15
Suppose 2*w - 3*w = 11*w - 2*w. Let x(i) = -7*i + 37. Determine x(w).
37
Suppose 5*s - 4*x = 31, 2*s - 12 = 4*x + 10. Suppose 4*n - n + 2*w - 6 = 0, 3*w = -3*n + s. Let a(m) = 5*m**2 - 4*m - 3*m**2 + m**3 - n + 3*m**2. What is a(-6)?
-16
Let i(g) = 234*g + 275*g - 506*g - 4. Determine i(8).
20
Let j = -40 - -56. Suppose 50 + 46 = -j*l. Let o(i) = -i**2 - 4*i - 7. Calculate o(l).
-19
Let f(l) = 2*l**2 - 37*l - 1963. Let o be f(42). Let d(k) = -2*k**2 + 29*k - 30. Let z(b) = -3*b**2 + 43*b - 45. Let y(s) = -7*d(s) + 5*z(s). Calculate y(o).
-4
Let i(s) = -3*s - 1. Let x be i(-2). Let d(y) be the first derivative of -y**4/4 + 5*y**3/3 - 5*y**2/2 - 4*y - 553. What is d(x)?
-29
Let k(m) = -4*m - m**2 + 4 + 2*m**2 - 5 + m**2. Let n be ((-8)/(-96))/((-5)/(-15)) - (-110)/40. Determine k(n).
5
Let c(r) = r**2 + 13*r - 87. Let k be (-14)/(-4) + (2967/46)/43. Determine c(k).
3
Let v(z) = z + 210. Let k(x) = 9*x + 1260. Let w(d) = k(d) - 6*v(d). Let l be (6/5)/(2/5). Determine w(l).
9
Suppose -3*f - 36 = 6*y, 0 = -3*y + 2*f + 766 - 756. Let q(s) = 1 + 2 - 4 - 8*s. Determine q(y).
15
Let l(u) = 5*u**2 - 2*u. Let c = -205 + 201. Let f(t) = -6*t**2 + 3*t. Let d(i) = c*f(i) - 5*l(i). What is d(-3)?
-3
Let l(z) be the first derivative of -3*z**2/2 - 3*z - 1. Let m be ((-49)/147)/(1/(-5))*(0 + 3). What is l(m)?
-18
Let a(j) be the first derivative of j**5/10 - j**4/4 + 2*j**3/3 - 3*j**2/2 + 37*j - 71. Let g(t) be the first derivative of a(t). What is g(2)?
9
Let s(o) = -o - 3*o + 3*o + 5. Suppose 15*j + 21 = m + 20*j, -2*m + 5*j = 33. Give s(m).
9
Let x be 526/116*-2 + 622/9019. Let h(u) = -u**3 - 7*u**2 + 20*u + 8. Calculate h(x).
-10
Let r(t) be the third derivative of -t**5/60 + 5*t**4/24 - 2*t**2 + 155*t. What is r(2)?
6
Suppose 26 = -5*a + 3*a + 3*o, 0 = 4*a - 3*o + 46. Let z be 5/a - (-35)/14. Let h(m) = -m**2 - 2*m + 3. What is h(z)?
-5
Let m(z) = 6*z - 11*z - 174 + 3*z + 90 + 88. What is m(4)?
-4
Let x(b) be the second derivative of -b**4/12 + 4*b**3/3 - 13*b**2/2 + 6*b + 14. Calculate x(4).
3
Let s(z) = -47*z - 2*z + 13*z + 11 + 11*z - z. Let c(l) = -14*l + 5. Let u(f) = -11*c(f) + 6*s(f). Determine u(7).
-3
Let n(q) = -q**3 + 2*q + 1. Let z(l) = -6*l**3 + 6*l**2 + l + 56. Let m(d) = 5*n(d) - z(d). Determine m(6).
3
Let g = 1097 + -1099. Let n(t) = -19*t - 41. What is n(g)?
-3
Let h(x) = 5*x + 1. Let r = 746 - 733. Suppose 11*y + r - 35 = 0. Give h(y).
11
Let d(w) = -3*w - 11. Suppose -4*b = 9*b + 169. Let a be b/((-39)/(-30)) + 5. What is d(a)?
4
Let w(j) = 78*j**3 - 3*j**2 - 3*j + 1. Suppose -y - 4 + 3 = -5*f, f = 5*y + 29. What is w(f)?
-77
Suppose 93 = 79*w + 330. Let k(t) = t**2 + 5*t + 14. Calculate k(w).
8
Let z(a) = -5*a - 22. Let n be ((-16)/16)/((-1)/(-5)). Let x be z(n). Suppose -5 = -x*g - 4*y - 16, -5*y - 22 = g. Let d(w) = 2*w**2 - 4*w + 1. What is d(g)?
7
Let c(x) = -x**2 - 17*x + 7. Let m(o) = o**3 - 55*o**2 + 451*o - 61. Let w be m(45). Determine c(w).
23
Let k(o) be the first derivative of o**3/3 - o**2/2 - 2*o - 444. Let t = 32 + -30. What is k(t)?
0
Let o = -14769 - -14775. Let w(n) = n**3 - 2*n**2 + 4*n + 2. Give w(o).
170
Let w(i) = 2*i - 2*i - 259660*i**3 - 5 + 259659*i**3 - 6*i + 5*i**2. What is w(5)?
-35
Let h(p) = 19. Let x(c) = 32. Let r(i) = 5*h(i) - 3*x(i). Let q(t) = -t**2 + 6*t - 2. Let b(j) = q(j) + 4*r(j). Calculate b(7).
-13
Let g(c) = 2*c - 2. Let q(y) = -1. Let v(l) = -g(l) + q(l). Suppose -11*a - 299 = 3*o - 16*a, -4*o + 2*a - 422 = 0. Let t = 106 + o. Give v(t).
5
Suppose v = 7*a - 37, -113*a - 4*v = -112*a + 3. Let n(l) be the first derivative of -1 + 0*l - 1/2*l**2. Determine n(a).
-5
Let d(b) = -b**3 + 16*b**2 - 12*b - 22. Let i be d(15). Let k(l) = 14 - 10*l**2 - i + 11 - 10*l + 4*l - l**3. Determine k(-9).
-25
Let o(d) = -d**2 + 18. Let i(k) = 51*k**2 + 6*k - 8. Let y be i(2). Let m = y - 208. Determine o(m).
18
Let v(a) = 8*a**2 - 4*a - 3. Let w(n) = 1281*n - 12811. Let o be w(10). What is v(o)?
9
Let f(h) be the second derivative of -h**6/120 + 7*h**5/60 - 5*h**3/6 - 61*h**2 - 35*h. Let o(v) be the first derivative of f(v). Calculate o(7).
-5
Let j(y) = 3*y**2 - 3. Let p(w) = -2*w**2 + 113*w - 466. Let x be p(52). Give j(x).
9
Let y(v) = 7*v - 67. Let h = -39322 - -39311. Calculate y(h).
-144
Let a(o) = -12*o + 9*o + 3*o**2 - 2*o**2 + 2 - 8*o + 4. Let y be 16/24 + 37/3 + -3. Give a(y).
-4
Let s(q) be the first derivative of 2*q**3/3 - 3*q**2/2 - q + 135. Determine s(3).
8
Let w(t) = 2*t**2 + 16*t - 1. Suppose 0 = 1772*k - 1756*k + 128. What is w(k)?
-1
Let w(j) = j**2 + 23*j + 119. Let z = -27814 + 27801. Determine w(z).
-11
Let o = -25 - -167. Let a = o - 149. Let s(m) = -m - 12. What is s(a)?
-5
Let i(k) = k. Let s be i(-3). Let f(q) be the third derivative of 0*q - 115*q**2 + 1/30*q**5 + 0 + 1/12*q**4 + 2/3*q**3. What is f(s)?
16
Let u(b) = 7*b**2 + 105*b - 12. Let y be (21 - 1920/100)*(-25)/3. Calculate u(y).
-12
Let b(q) = -2*q + 3. Let h(x) = -x**3 - 2*x**2 + 3*x + 19. Let g be h(-3). Let a(t) = -t**3 + 21*t**2 - 40*t + 38. Let m be a(g). What is b(m)?
3
Let i(j) = j**2 + 7*j + 3. Suppose -b = -5*a - 21, -4 - 53 = -2*b + 5*a. Suppose 5*x = 2*n + b, -5*n - 9 = 2*x - x. Suppose x = -g - g. What is i(g)?
-9
Let d(u) = u**2 - 18*u - 39. Let a be d(-2). Let w(s) = 1 + a + 6*s**2 + 1 - 19*s**2 + 14*s**2 + 4*s. What is w(-3)?
0
Let j(x) = -19*x**3 - 61*x**2 + 145*x + 111. Let t(l) = -3*l**3 - 10*l**2 + 24*l + 18. Let g(y) = -4*j(y) + 25*t(y). Give g(6).
126
Suppose 2*l - 4 = -2*l. Let k(s) = -l + 3 + 1 - 2 - s. Let n(d) = -2*d**3 - 16*d**2 - 11*d + 17. Let z be n(-7). Calculate k(z).
5
Suppose -2*j + j + 16 = -q, -4*j - q + 39 = 0. Let r(w) = -340*w + 6 - j + 341*w. Determine r(5).
0
Let w = 5218 - 5202. Let u(x) = -x**2 + 31*x - 234. Determine u(w).
6
Let i(a) = 8*a - 361. Let y(k) = -15*k + 923. Let x(r) = 5*i(r) + 2*y(r). What is x(-3)?
11
Let i(y) = 7*y**2 + 4*y - 4. Let d(n) = 18 + 30 - 17*n - 20*n**2 + 6*n - 37. Let x(r) = -6*d(r) - 17*i(r). What is x(3)?
5
Let q(o) = -o**2 + 4*o + 5. Let u = -23 + 23. Let j be (4 - 6) + u - -6. Suppose -5*h = -6*h + j. Give q(h).
5
Let z(c) = -c**3 + 25*c**2 - 2. Let n be z(25). Let q(h) = -2*h**2 - h + 1. Let w(f) = 5*f**2 - 4*f - 5. Let s(a) = n*q(a) - w(a). Determine s(7).
-4
Let u(o) = 2*o**2 + 2*o + 18. Let k(i) = 11*i**2 + 13*i + 103. Let t(h) = 6*k(h) - 3